 -1057 + -5?
-1063
In base 2, what is 101010110 + 1111?
101100101
In base 12, what is 4 - 13a?
-136
In base 2, what is -11101101 + 1100?
-11100001
In base 7, what is 356 - -2?
361
In base 16, what is db0 + 6?
db6
In base 4, what is -10 - -123332?
123322
In base 2, what is 110100 - -1000?
111100
In base 3, what is 11210 - 11?
11122
In base 2, what is 0 - -101100011?
101100011
In base 2, what is 10 - 11011?
-11001
In base 15, what is 4 + -130?
-12b
In base 16, what is 2 - -53?
55
In base 7, what is 4201 - -5?
4206
In base 3, what is 11202 + -22?
11110
In base 7, what is -11 + -3?
-14
In base 3, what is -21110102 + 1?
-21110101
In base 3, what is -2 - -12100011?
12100002
In base 5, what is 4 - 14?
-10
In base 11, what is -272 + 4?
-269
In base 6, what is -3 + 5235?
5232
In base 2, what is -110001 - -1011?
-100110
In base 16, what is -2 + -afb?
-afd
In base 13, what is 1ab - 8?
1a3
In base 4, what is 1 + -223?
-222
In base 3, what is -220 - 22?
-1012
In base 12, what is 3538 - -3?
353b
In base 2, what is 1101 + -1101010?
-1011101
In base 4, what is -231 + -112?
-1003
In base 5, what is 4 + -124?
-120
In base 12, what is -ab + 2?
-a9
In base 13, what is -1 + -385?
-386
In base 9, what is -133 - 11?
-144
In base 8, what is -653 - -4?
-647
In base 6, what is 1052 - 44?
1004
In base 2, what is 0 + -10111101?
-10111101
In base 6, what is 3 + -54?
-51
In base 3, what is -10 + -1101101?
-1101111
In base 2, what is 101 + -1001010101100?
-1001010100111
In base 12, what is 137 - -11?
148
In base 10, what is -3 - -1774?
1771
In base 11, what is 3 - 860?
-858
In base 4, what is 20312 + 3?
20321
In base 7, what is 0 + 2256?
2256
In base 11, what is a - 0?
a
In base 8, what is 7 + -206?
-177
In base 16, what is -8d + -4?
-91
In base 8, what is 30 - 5?
23
In base 2, what is -1001010100110 + 11?
-1001010100011
In base 10, what is 147 - -1?
148
In base 14, what is 1 - -4b?
4c
In base 6, what is 14502 - -2?
14504
In base 13, what is 4 - -2?
6
In base 16, what is 519 + -16?
503
In base 13, what is 356 + -1?
355
In base 14, what is -1 - 53?
-54
In base 4, what is 13110 + -11?
13033
In base 8, what is -22 + 0?
-22
In base 7, what is -1513 + 51?
-1432
In base 14, what is -3 + ba?
b7
In base 14, what is 7 - -11a?
123
In base 15, what is 2a8 - 3?
2a5
In base 14, what is -3 + 2b6?
2b3
In base 4, what is 0 + 11011?
11011
In base 16, what is -311 + 2?
-30f
In base 6, what is 323 - -2?
325
In base 3, what is 11 - 2202?
-2121
In base 4, what is -11 + -212?
-223
In base 6, what is 0 - -33135?
33135
In base 8, what is -470 + 3?
-465
In base 6, what is -1220 + 0?
-1220
In base 6, what is 451 + 0?
451
In base 2, what is -11111111011100 + -11?
-11111111011111
In base 16, what is -3 - -26?
23
In base 14, what is 8 + 22a?
234
In base 6, what is -4 + 22?
14
In base 13, what is -127 + 4?
-123
In base 3, what is 10201 - 0?
10201
In base 7, what is 31 - 1650?
-1616
In base 3, what is -10 + 1201?
1121
In base 9, what is 2 + 45?
47
In base 11, what is 1 + -829?
-828
In base 15, what is -20b4 + -1?
-20b5
In base 6, what is -31034 - 3?
-31041
In base 14, what is -1 - 30?
-31
In base 5, what is 231 - 4?
222
In base 9, what is -4 - 657?
-662
In base 4, what is -21 + 320?
233
In base 3, what is 2110211 + -1?
2110210
In base 3, what is -1120 - -112?
-1001
In base 12, what is 12 - -25?
37
In base 4, what is 3 + -1012?
-1003
In base 11, what is 6 + a?
15
In base 14, what is 2 - 5b?
-59
In base 10, what is 9 - 35?
-26
In base 3, what is 1222002 - -1?
1222010
In base 6, what is -4 - -15332?
15324
In base 6, what is 3 - 53?
-50
In base 4, what is -303 - 10?
-313
In base 4, what is 12330211 - 2?
12330203
In base 11, what is -1 - -13a?
139
In base 12, what is a60 + 4?
a64
In base 4, what is 33 + 0?
33
In base 9, what is 2 - 580?
-577
In base 15, what is 4 + 11?
15
In base 9, what is -5 + -43?
-48
In base 15, what is -2d2 + -b?
-2dd
In base 9, what is 3315 - 2?
3313
In base 2, what is 100 - -1011101110?
1011110010
In base 7, what is -210324 + 1?
-210323
In base 3, what is -12 + -2111?
-2200
In base 9, what is 5013 + 1?
5014
In base 12, what is 0 - 47?
-47
In base 5, what is -1123 - 22?
-1200
In base 4, what is -22 - -1110?
1022
In base 14, what is 8 - -849?
853
In base 15, what is 1202 - 1?
1201
In base 12, what is 5 - -10?
15
In base 11, what is -5 - 42?
-47
In base 11, what is 8 + -646?
-639
In base 10, what is -1 - -348?
347
In base 2, what is 1001100 - -101?
1010001
In base 16, what is -5 + -18?
-1d
In base 8, what is -5 + -2?
-7
In base 12, what is -15 - 67?
-80
In base 14, what is -c0a - -3?
-c07
In base 6, what is -11 + -1?
-12
In base 3, what is 20 + 20020?
20110
In base 13, what is -1 - 133?
-134
In base 5, what is 0 + -31410?
-31410
In base 7, what is 2 + -44?
-42
In base 12, what is 70 + -63?
9
In base 5, what is 14 - -11?
30
In base 9, what is -3636 + -3?
-3640
In base 16, what is e5c - -4?
e60
In base 11, what is 299 + -4?
295
In base 3, what is 1 + -2011002?
-2011001
In base 6, what is 15 - 325?
-310
In base 5, what is -43 - -201?
103
In base 8, what is 2 + -21?
-17
In base 10, what is 6 - -2591?
2597
In base 10, what is -198 + -1?
-199
In base 3, what is 101 - 20?
11
In base 5, what is 10110 + -3?
10102
In base 15, what is -5 - 6e3?
-6e8
In base 15, what is -2 + -9b?
-9d
In base 7, what is 2 + -22?
-20
In base 14, what is 4509 + 5?
4510
In base 3, what is 120122 - -1?
120200
In base 15, what is -28a + -2?
-28c
In base 10, what is -5 + 31?
26
In base 9, what is 4 - -2167?
2172
In base 6, what is 5345 + -1?
5344
In base 12, what is -118b - 0?
-118b
In base 5, what is -14424 - -1?
-14423
In base 12, what is -3b + -5?
-44
In base 2, what is -11 - -1010000?
1001101
In base 9, what is -143 - 123?
-266
In base 2, what is -100 + -10000111?
-10001011
In base 15, what is -1a + 15?
-5
In base 8, what is 1 - -115?
116
In base 12, what is -12 - -1?
-11
In base 9, what is -382 - 1?
-383
In base 12, what is 19 + 9b?
b8
In base 12, what is 103 + 5?
108
In base 13, what is -2 + 4?
2
In base 15, what is 7a + 1?
7b
In base 12, what is -305 + -2?
-307
In base 10, what is -166 - -33?
-133
In base 8, what is -202 + -15?
-217
In base 3, what is 1201011 + 12?
1201100
In base 5, what is -133 + -4?
-142
In base 7, what is -1 - 1505?
-1506
In base 11, what is -1 + 1612?
1611
In base 14, what is -ca - 0?
-ca
In base 3, what is 20120 - 1?
20112
In base 13, what is -5 + -12?
-17
In base 14, what is 2 + 3?
5
In base 8, what is 0 - -75?
75
In base 5, what is -2 + -231?
-233
In base 11, what is -3a + -2?
-41
In base 3, what is 212 - -20?
1002
In base 4, what is 2 - -322233?
322301
In base 10, what is -5 + -200?
-205
In base 3, what is -1011 - -21?
-220
In base 10, what is -624 - 0?
-624
In base 5, what is 4 + -10122?
-10113
In base 2, what is 11 - 10001?
-1110
In base 3, what is 21 + -200?
-102
In base 4, what is -2 - 1101?
-1103
In base 3, what is 0 + 1221?
1221
In base 7, what is -6 - 15?
-24
In base 5, what is 4 + -10300?
-10241
In base 6, what is -131 - 31?
-202
In base 10, what is -1 - -7159?
7158
In base 5, what is -22 - 3?
-30
In base 6, what is 15141 - 1?
15140
In base 6, what is 5 + -1?
4
In base 13, what is 1a + -bb?
-a1
In base 8, what is 21 - -20?
41
In base 2, what is 0 - -1001100?
1001100
In base 14, what is -329c - -3?
-3299
In base 10, what is -7 + -53?
-60
In base 6, what is 0 - 220?
-220
In base 6, what is 2 + 253?
255
In base 5, what is 4 + 40?
44
In base 11, what is 9 + -7?
2
In base 6, what is 33 + -15?
14
In base 16, what is -9 + -15?
-1e
In base 11, what is -1 - -a48?
a47
In base 3, what is -2200 + -1?
-2201
In base 15, what is d - -1d2?
1e0
In base 4, what is -3 - 23101?
-23110
In base 16, what is -1d9 + -5?
-1de
In base 13, what is -14cc + -3?
-1502
In base 8, what is -70 + -77?
-167
In base 10, what is -2 + 1032?
1030
In base 15, what is 311 - -6?
317
In base 11, what is 5 - 25a?
-255
In base 3, what is -22011 + 11?
-22000
In base 11, what is 2 - 95?
-93
In base 14, what is 3a + -16b?
-131
In base 12, what is 24 - 5?
1b
In base 14, what is -3 + 8d?
8a
In base 8, what is -4 - -230?
224
In base 7, what is -1 + 114?
113
In base 13, what is 3 - -2a27?
2a2a
In base 11, what is -1107 + 1?
-1106
In base 8, what is 1713 - 12?
1701
In base 4, what is -111 + -110?
-221
In base 14, what is 1 - 3?
-2
